x?
5
Let a be (-20)/6*30/25. Let o = 13 + a. Calculate the remainder when 34 is divided by o.
7
Let w = 37 + -34. Suppose -3*o = -l + 2*o + 203, -3*l + w*o = -585. Calculate the remainder when l is divided by 39.
37
What is the remainder when 6/14 - (-418)/(-77) - -120 is divided by 13?
11
Suppose -13*x = -18*x + 10. Suppose 4*s - 259 = -s + x*n, 0 = -3*s - n + 162. Calculate the remainder when s is divided by 11.
9
Suppose -3*i + 121 = -2*v, -5 + 30 = -5*v. Suppose -80 = -2*k - 2*k. Calculate the remainder when i is divided by (-2)/(-8) + 195/k.
7
Let f = -69 - -122. What is the remainder when f is divided by 19?
15
Let r = -2063 - -2083. Let v(h) = -16*h + 3. What is the remainder when v(-6) is divided by r?
19
Suppose 2*w + 46 = 2*v - 74, 0 = 4*v - 3*w - 241. Calculate the remainder when 670 is divided by v.
60
What is the remainder when 294 is divided by (35 - 1)*1 - -3?
35
Let s(x) = x**2 + x + 15. Let l be s(0). Suppose 0*m - 2*m = -10, -5*m + l = -2*u. What is the remainder when 60 is divided by 107/u - 2/5?
18
Let v be (-34)/(-4) + 6/12. Suppose v*f + 5 = 4*f. Calculate the remainder when (93/9)/(f/(-3)) is divided by 16.
15
Let k(w) = 4*w - 5. Calculate the remainder when k(6) is divided by 11.
8
Let s(m) = 37*m + 345. Calculate the remainder when 133 is divided by s(-8).
35
Let t = -5 + 22. Let z(b) = 0*b + 24 + b - 22 + 18. Calculate the remainder when t is divided by z(-11).
8
Let s = 24 - 26. What is the remainder when 9 is divided by (-8)/s - -2 - -3?
0
Let f(d) = -d**2 - 10*d + 37. Let l = 82 - 44. Calculate the remainder when l is divided by f(-12).
12
Suppose 3*j + 5*n = 211, -3*n - n - 4 = 0. What is the remainder when 935 is divided by j?
71
Let p be 3/1 + 3/(-3). Let x(i) = 14*i**3 - 2*i**2. Let a be x(p). Suppose -2*r = 2*r - a. What is the remainder when 101 is divided by r?
23
What is the remainder when 263 is divided by ((-4)/3 - -1) + 134/6?
21
Suppose -27*t = -13*t - 84. What is the remainder when 28 is divided by t?
4
What is the remainder when 3469 is divided by ((-15)/(315/14))/((-6)/279)?
28
Let m = -4 - -9. Suppose -6 = -3*z - 2*h + 13, z + h - 8 = 0. Suppose -m*u + 5*d + 120 = -0*d, -z*u + 68 = d. Calculate the remainder when 43 is divided by u.
20
Let r(z) = -7*z - 4*z + 0*z + z. Let u(d) = d**3 + 2*d**2 + d. Calculate the remainder when r(-7) is divided by u(2).
16
Let k = -27 - -32. Suppose 0 = -k*g + 10*g - 65. Calculate the remainder when 62 is divided by g.
10
Let w(u) = 2*u**2 + 12*u - 16. Let r be w(-10). Suppose -4*q + 28 = -r. Calculate the remainder when 113 is divided by q.
21
Suppose -40*t + 2787 + 7053 = 0. What is the remainder when t is divided by 108?
30
Suppose -2*h = 5*s - 6*h + 21, -4*h + 12 = 4*s. Let b be s/4 + (-45)/(-4). Suppose -13*l + b*l = -18. Calculate the remainder when l is divided by 3.
0
Suppose -60 = -14*y + 9*y. Suppose l - 4 = -t, l = -2*l - 5*t + y. Suppose 2*j = -8, 2*d - l*j = -3 + 21. Calculate the remainder when d is divided by 1.
0
Let b = 1150 + -1030. What is the remainder when b is divided by 3?
0
Let w(r) = -9*r - 41. What is the remainder when 92 is divided by w(-7)?
4
Suppose 2*j - 50 = -j - 5*n, -3*n - 26 = -j. Suppose 2*c + 3*c + 2*k = 482, 4 = 4*k. Let y = 175 - c. Calculate the remainder when y is divided by j.
19
Suppose -6*j - 23 = 1. What is the remainder when 55 is divided by 4 + 82/8 + 1/j?
13
Suppose -n - 11 = -0*n + 4*c, 0 = 2*n + c + 1. Let y = n - -1. Suppose -y*p - 3*q = -8, -2*p + 7 + 1 = -q. What is the remainder when p is divided by 2?
0
Suppose 4*d - w = 24, 31 = 5*d - 2*d - 4*w. Suppose 0 = -5*k + 2*a + 75, d*k + 5*a = k + 60. What is the remainder when 72 is divided by k?
12
Let k = 275 + -198. Calculate the remainder when k is divided by 36.
5
Let s(k) = k**2 + 26*k - 71. Calculate the remainder when 235 is divided by s(3).
11
Let j(p) = -p**3 + 5*p**2 - 5*p - 2. Suppose 3*n + n = -5*x - 50, 0 = 5*x + n + 35. Let v = -4 - x. Calculate the remainder when v is divided by j(3).
0
Calculate the remainder when 189 is divided by 856/36 - ((-56)/63)/4.
21
Let j(r) = -r**2 - r + 8. Suppose -4 = 4*t - 60. What is the remainder when t is divided by j(0)?
6
Suppose 2*z = 30 + 10. Suppose 5*s + 58*b - 61*b - 300 = 0, 295 = 5*s - 2*b. What is the remainder when s is divided by z?
17
What is the remainder when ((-1 - -3) + 4)*(-9 + 16) is divided by 2?
0
Let t(h) = h - 2. Suppose g - 2 = 2. Suppose -28*l - g = -30*l. What is the remainder when t(5) is divided by l?
1
Let a(q) = -2*q**2 + 16*q - 10. Calculate the remainder when a(6) is divided by 8.
6
Suppose 4*d + 18 = 2*h, h + 2*d - 10 = 3*d. Let p(q) = q**2 - 2*q - 22. Calculate the remainder when p(h) is divided by 16.
13
Suppose 3*y - 50 = 4*v, 0 = 5*v + 4 + 6. What is the remainder when 69 is divided by y?
13
Let m(t) = -t**2 - 17*t + 35. What is the remainder when 112 is divided by m(-17)?
7
Let t be (-9)/(-2)*(-3260)/15. Suppose 3 = 8*j + 43. Calculate the remainder when t/(-30) + (-2)/j is divided by 12.
9
Let l(u) = -u**2 - 2*u + 3. Suppose 22 = 5*h - 43. Suppose -5*w + 3*f = -20, h = 4*w - f - 2*f. What is the remainder when w is divided by l(0)?
1
Suppose 36 = 2*g - 54. Calculate the remainder when g is divided by 8.
5
What is the remainder when 257 is divided by 10/(-4)*(-11)/((-275)/(-830))?
8
Suppose 22 = -3*q + 5*q. Let l(w) = -7*w - 44. Let x(m) = m**3 - 20*m**2 + 2*m - 49. Let a be x(20). What is the remainder when l(a) is divided by q?
8
Suppose 0 = -5*y - 20, -y = 5*j - 186. What is the remainder when j is divided by (-4 - 65/10)/(4*21/(-112))?
10
Let k = -904 + 928. What is the remainder when 452 is divided by k?
20
Let c(j) = -j + 5. Let r be c(5). Suppose 4*f + 2 - 14 = r. Suppose -f*p + 239 = -4*o, 3*o = -3*p - 2*p + 379. What is the remainder when p is divided by 26?
25
Suppose -4*j = -4*s + 219 - 7, 4*j + 112 = 2*s. Calculate the remainder when s is divided by 28.
22
Let i be 180/(-90) - -32*1. Let m = -29 + 56. Let h = m + i. What is the remainder when h is divided by 15?
12
Let n be 11/(-6) + 34/(-204). Let k = 13 + -9. Calculate the remainder when 107 is divided by (3 + n - -17) + k.
19
Let d = 49 + -85. Let r = d - -66. Suppose s - r = 3*n, -s + 32 = -0*n - n. What is the remainder when s is divided by 17?
16
Let h(u) = -u**3 - u**2 + u + 2. Let w = 84 - 89. Let v(q) = -2*q - 8. Calculate the remainder when h(-2) is divided by v(w).
0
Suppose -13*g - 166 = -582. What is the remainder when 43 is divided by g?
11
Suppose 0 = -3*c + 2*g + 114, -3*c - 2*g + 86 = -c. Let f = c + -29. What is the remainder when 43 is divided by f?
10
Let f(d) = 12*d - 9*d + 6 + 2. Let t be f(5). Suppose t = 3*p - 55. Calculate the remainder when 76 is divided by p.
24
Let p = -1120 - -1260. What is the remainder when 427 is divided by p?
7
Suppose 8*g = 410 - 58. What is the remainder when 170 is divided by g?
38
Suppose 0*x - 130 = -5*x. Suppose -3*l - 2*v = -78, 0*v + 2*v + 52 = 2*l. Let g = l + -19. What is the remainder when x is divided by g?
5
Suppose 0 = -71*z + 74*z - 447. Let s(x) = x**2 - x + 3. Calculate the remainder when z is divided by s(4).
14
Let b be (-2)/(-2) + (15/5 - 3). Let d be 0 - (10 - (2 - 1)). Calculate the remainder when 76 is divided by 39/d*b*-3.
11
Let y = 70 + -101. Let j = 40 - y. Suppose -k - 7 = -31. Calculate the remainder when j is divided by k.
23
Calculate the remainder when 106 is divided by 170/(-204) + (-179)/(-6).
19
Suppose 4*i + 2*h = 172, -2*i = -3*h - h - 76. Suppose i*o = 46*o - 40. What is the remainder when 77 is divided by o?
7
Suppose -747 - 2263 = -10*t. Let m = t - 136. Calculate the remainder when m is divided by 14.
11
Suppose -5*o = -3*n - 779, 4*o - 332 = -5*n + 269. Calculate the remainder when o is divided by 5.
4
Let v(u) = 5*u**2 + 1. What is the remainder when 4 + (-8 - -23) - (7 - -2) is divided by v(1)?
4
Let t(d) = 8*d - 1. Let h be t(1). Suppose 2*y = h*y - 105. Suppose -37*u - 96 = -53*u. What is the remainder when y is divided by u?
3
Let j(p) = 7*p**2 - 54*p - 6. Calculate the remainder when j(13) is divided by 28.
27
Let u(b) = 5*b + 2. What is the remainder when 1 + (-10)/(-15) + 489/9 is divided by u(2)?
8
Let u(o) = -6*o + 11. Let m be u(-4). Let n = -24 + m. Calculate the remainder when 73 is divided by n.
7
Suppose 0 = -4*y